test common factor of 52 and 43433.
13
What is the greatest common divisor of 3861 and 715?
143
What is the highest common divisor of 5 and 28647?
1
Calculate the highest common divisor of 576 and 369.
9
Calculate the greatest common divisor of 1324 and 2884334.
662
Calculate the greatest common factor of 621 and 368.
23
What is the highest common divisor of 456 and 9948?
12
What is the highest common divisor of 46 and 2023563?
23
Calculate the highest common factor of 17 and 39253.
17
Calculate the greatest common factor of 12 and 3789462.
6
Calculate the highest common divisor of 4240 and 2872176.
848
Calculate the greatest common divisor of 1 and 41941.
1
Calculate the greatest common divisor of 74256 and 119.
119
Calculate the highest common divisor of 28 and 4713387.
7
What is the highest common factor of 2943425 and 230?
115
What is the highest common factor of 38 and 1546087?
19
What is the highest common factor of 2544 and 416580?
636
Calculate the greatest common factor of 4940 and 931.
19
What is the greatest common factor of 3626 and 5254?
74
Calculate the highest common factor of 5264 and 5593.
329
What is the greatest common divisor of 195 and 46098?
39
What is the greatest common divisor of 545 and 229445?
545
What is the highest common factor of 110489 and 49773?
353
Calculate the highest common factor of 323715 and 30.
15
What is the greatest common factor of 64170 and 1023?
93
Calculate the greatest common factor of 738 and 155349.
369
Calculate the highest common factor of 2966211 and 153.
153
What is the greatest common divisor of 18000 and 7920?
720
Calculate the highest common divisor of 21 and 543662.
7
What is the highest common divisor of 1287 and 756657?
99
What is the greatest common divisor of 20859 and 35174?
409
What is the highest common divisor of 210 and 17520?
30
Calculate the greatest common factor of 446325 and 22.
11
What is the highest common divisor of 986 and 106913?
17
Calculate the greatest common factor of 4836 and 240994.
806
What is the highest common divisor of 130624 and 624?
208
What is the highest common divisor of 513 and 1993032?
27
Calculate the greatest common factor of 1160 and 44312.
232
Calculate the greatest common divisor of 1232257 and 26.
13
What is the highest common factor of 12193 and 86310?
137
Calculate the highest common divisor of 17818 and 50434.
302
Calculate the greatest common divisor of 30 and 526790.
10
What is the greatest common factor of 34 and 4138?
2
What is the highest common factor of 390470 and 50?
10
Calculate the highest common divisor of 16 and 261776.
16
Calculate the greatest common factor of 292 and 402887.
73
What is the highest common factor of 78 and 120042?
78
What is the greatest common factor of 7464 and 192?
24
Calculate the greatest common divisor of 15 and 8345.
5
Calculate the highest common divisor of 15 and 321225.
15
Calculate the highest common factor of 19035 and 11340.
405
Calculate the greatest common divisor of 972759 and 1692.
141
Calculate the greatest common factor of 476 and 84728.
476
What is the highest common divisor of 449080 and 3270?
1090
What is the greatest common factor of 1692 and 729?
9
Calculate the greatest common divisor of 19476 and 55723.
541
Calculate the highest common divisor of 46288 and 2.
2
Calculate the highest common factor of 38 and 60118.
2
Calculate the greatest common divisor of 3672 and 142664.
136
What is the highest common factor of 1727 and 2134?
11
What is the greatest common divisor of 26 and 922337?
13
What is the highest common divisor of 928 and 134096?
464
What is the greatest common divisor of 5936637 and 21?
21
Calculate the greatest common factor of 13 and 487.
1
Calculate the greatest common factor of 66 and 717662.
22
What is the highest common divisor of 20227 and 16837?
113
Calculate the highest common factor of 16870 and 490.
70
What is the highest common divisor of 72010 and 7030?
190
Calculate the highest common divisor of 304 and 43.
1
Calculate the highest common divisor of 152 and 27778.
38
What is the highest common factor of 5 and 3431230?
5
What is the greatest common factor of 30 and 77475?
15
What is the highest common divisor of 663 and 819?
39
What is the greatest common factor of 1085 and 19840?
155
Calculate the highest common factor of 119325 and 258.
129
What is the highest common divisor of 403 and 1651?
13
Calculate the highest common divisor of 3210 and 480.
30
What is the highest common factor of 16 and 18232?
8
What is the greatest common divisor of 13618 and 2497?
11
What is the highest common factor of 31 and 203453?
31
Calculate the highest common divisor of 106932 and 16616.
268
What is the greatest common divisor of 5451 and 1863?
69
Calculate the highest common factor of 272 and 188.
4
What is the highest common divisor of 12 and 18888348?
12
Calculate the highest common divisor of 2016 and 29344.
224
Calculate the greatest common divisor of 3892 and 1400.
28
Calculate the greatest common divisor of 656742 and 46.
46
What is the greatest common factor of 18264 and 2856?
24
What is the greatest common divisor of 1921765 and 1966?
983
What is the greatest common divisor of 108 and 268?
4
Calculate the greatest common factor of 777 and 3489507.
777
What is the highest common factor of 112 and 344554?
14
Calculate the highest common factor of 37334 and 22.
22
Calculate the greatest common factor of 81130 and 77287.
427
Calculate the highest common factor of 3851662 and 2410.
482
What is the highest common factor of 108066 and 182?
14
What is the greatest common divisor of 171 and 93357?
9
What is the highest common factor of 34189 and 716?
179
Calculate the greatest common factor of 429 and 4356.
33
What is the greatest common divisor of 792 and 14058?
198
What is the highest common factor of 128 and 5736?
8
Calculate the highest common factor of 220031 and 119.
119
Calculate the highest common factor of 19454 and 7.
1
What is the greatest common factor of 300 and 2622?
6
Calculate the greatest common factor of 270 and 1716930.
270
Calculate the highest common factor of 44 and 1967009.
11
Calculate the greatest common divisor of 460254 and 316.
158
Calculate the highest common divisor of 582 and 2406.
6
What is the highest common factor of 16578 and 162?
54
Calculate the greatest common divisor of 20870 and 470.
10
What is the greatest common divisor of 14 and 4865?
7
What is the highest common factor of 45 and 192771?
9
What is the greatest common divisor of 10353 and 861?
21
Calculate the greatest common divisor of 149819 and 932.
233
What is the greatest common divisor of 37356 and 264?
132
What is the greatest common divisor of 134 and 82?
2
What is the greatest common factor of 632170 and 42?
14
Calculate the highest common factor of 7839 and 244751.
871
What is the highest common divisor of 3595459 and 1211?
1211
Calculate the greatest common divisor of 16907 and 3509.
319
What is the greatest common factor of 500770 and 10?
10
What is the greatest common divisor of 1439032 and 392?
392
Calculate the highest common divisor of 24491 and 381544.
1289
What is the highest common divisor of 1404 and 2964?
156
What is the greatest common divisor of 23617 and 15333?
19
Calculate the highest common divisor of 103182 and 24.
6
Calculate the highest common divisor of 204 and 752964.
204
What is the highest common factor of 16704 and 338304?
192
What is the greatest common divisor of 1070 and 764515?
535
What is the greatest common factor of 448 and 371?
7
What is the highest common divisor of 103005 and 2565?
135
Calculate the highest common divisor of 38920 and 2065.
35
What is the greatest common factor of 31537 and 88924?
517
What is the greatest common divisor of 12 and 1665366?
6
Calculate the highest common divisor of 70417 and 67.
67
What is the greatest common divisor of 2832501 and 57?
57
What is the highest common factor of 1728 and 832?
64
Calculate the greatest common divisor of 9 and 38493.
9
Calculate the greatest common factor of 2397948 and 84.
84
Calculate the greatest common divisor of 48 and 2219268.
12
What is the greatest common divisor of 1184 and 5254?
74
Calculate the greatest common factor of 754 and 3302.
26
What is the greatest common factor 